2 + 2 + 12 - 7*h. Calculate the remainder when r(t) is divided by 3.
2
Let g = 1276 + -1265. What is the remainder when ((-43)/3)/((-2)/6) is divided by g?
10
Let i = 7 + 5. Suppose 5*u = 8 + i. Suppose -u*y + 2*v = -2*v - 236, -3*y + 173 = -5*v. What is the remainder when y is divided by 16?
13
Suppose -48 + 223 = 5*h + p, 4*h - 119 = -5*p. Calculate the remainder when 202 is divided by h.
22
Let v = 28 - 82. Let u = -39 - v. What is the remainder when 72 is divided by u?
12
Let s(t) = t**2 + 55*t - 73. What is the remainder when 54 is divided by s(-57)?
13
Suppose -5*m = -4*m - 19. Suppose 2*d - m - 1 = 0. What is the remainder when 36 is divided by d?
6
Suppose 0 = 99*n - 94*n - 335. What is the remainder when n is divided by 12?
7
Suppose -5*d = -2*h + 4*h - 1941, 3*h - 772 = -2*d. Calculate the remainder when d is divided by 36.
29
What is the remainder when 17190/70 - 3*(-1)/7 is divided by 70?
36
Let w(i) = -7*i - 41. What is the remainder when 373 is divided by w(-9)?
21
Let k be (-10)/(-14) - 1 - 15504/(-119). Suppose k - 40 = 9*o. Calculate the remainder when 22 is divided by o.
2
Suppose 5 = -0*d + d. Suppose 0 = -d*q - 0*q + 230. Let n = q - 3. Calculate the remainder when n is divided by 11.
10
Let k = -60 - -103. Let y = 71 - k. Calculate the remainder when 50 is divided by y.
22
Calculate the remainder when ((-24)/14)/((-14)/539) is divided by 3 - -1*55/5.
10
Let i(y) = y**3 - y**2 - 2*y + 2. Let d be i(2). Suppose o = -d*o + 18. Suppose 4*k = o*k - 146. Calculate the remainder when k is divided by 38.
35
Suppose -1547 + 297 = -10*h. Calculate the remainder when h is divided by 16.
13
Let x(t) = -t**2 + 18. Let d = 5 - 5. Calculate the remainder when x(d) is divided by 10.
8
Let g = -826 - -1144. What is the remainder when g is divided by 23?
19
Let f be ((-40)/15)/(6/(-63)). Let z = f - 23. Suppose 6*w - z = 5*w. Calculate the remainder when 19 is divided by w.
4
Let i(b) = 13*b**2 - b + 1. Suppose -6 = -9*p + 336. What is the remainder when p is divided by i(1)?
12
Let s be (-2)/(1*(-2)/3). Suppose 0 = -u - 6*u - 28. Let i = s - u. Calculate the remainder when 18 is divided by i.
4
Let u = 1608 + -1557. Calculate the remainder when u is divided by (-56)/(-9) + 2/(-9).
3
Suppose 4*m + 5*d = 471, 5*m + 7*d = 4*d + 579. What is the remainder when m is divided by 31?
21
Let v(g) = -2*g**3 + 43*g**2 + 36*g. Calculate the remainder when v(22) is divided by 106.
96
Calculate the remainder when 9 is divided by ((-9)/(-6))/(30/40).
1
Suppose 128 = 21*h - 35 - 26. Calculate the remainder when (20/3)/((-7)/(-21)) is divided by h.
2
Let p be 3*(-3)/((-18)/(-4)). Let u(w) = 34 - 37 - 2*w - w**2 + 20*w**2 + 13*w**2. Calculate the remainder when u(p) is divided by 33.
30
Let k(w) = w**2 + 7*w - 8. Let l be k(-8). Suppose 3*r + 5 = -10, 3*i + r - 274 = l. What is the remainder when i is divided by 12?
9
Let n(m) = 2*m**3 - 7*m**2 - 9*m - 7. Calculate the remainder when 112 is divided by n(5).
20
Suppose 30 = 3*m + 21, 3*b = -m + 111. What is the remainder when 62 is divided by b?
26
Let c(r) = r**2 - 4*r - 43. What is the remainder when 594 is divided by c(10)?
16
Let f(o) = 5*o**2 + 16*o - 7. Suppose 44 = 3*y - y. Let j = y + 12. Calculate the remainder when j is divided by f(-4).
7
Suppose 940 = 5*q - 0*q. Suppose 5*p - 3*o - q = 0, 0*p - 35 = -p - 2*o. What is the remainder when p is divided by 14?
9
Let p be 6180/(-70) - 6/(-21). Let v = -64 - p. Calculate the remainder when 71 is divided by v.
23
Let w = 79 - 55. Let a = 62 + w. What is the remainder when a is divided by 13?
8
Suppose 3*h - 42 - 6 = 0. Let a = -28 + h. Let i(t) = -t**2 - 12*t + 2. What is the remainder when 5 is divided by i(a)?
1
Suppose 5*v - 2*t - 314 = 376, -3*v + 414 = -4*t. Calculate the remainder when v is divided by 29.
22
Let v(m) = m + 6. Let f = -62 + 86. What is the remainder when f is divided by v(-4)?
0
Let y(f) = 2*f + 1. Suppose 2*c = c + 1. Let u be y(c). Suppose 0 = -u*d + 14 + 28. Calculate the remainder when 54 is divided by d.
12
Let j(f) = -2*f - 2. Let g be j(-3). Let q = 8 - g. Calculate the remainder when 3/(-2) + 396/24 - 0 - 0 is divided by q.
3
Let l(z) = -2*z**3 - 4*z**2 - 3*z + 1. Let y = -188 - -205. What is the remainder when l(-3) is divided by y?
11
Suppose 5*d - 30 = -2*x, -2*d = -2*x - 3*d + 22. Let c(f) = -4*f + 2. Suppose 0 - 2 = 4*r - n, 12 = -4*r - 4*n. What is the remainder when x is divided by c(r)?
4
Let p = -5433 + 5524. Let a(n) = 18*n**2 + n. What is the remainder when p is divided by a(1)?
15
Let b = 60 + -11. Let k(x) = -35 - 20 - 3*x - 5*x - 8. What is the remainder when b is divided by k(-10)?
15
Suppose 0 = -3*w + 89 + 4. Let u(c) = 4*c**2 - 10*c + 20. Let z be u(4). Let x = z - -45. What is the remainder when x is divided by w?
27
What is the remainder when 1355/4 + (-525)/28 + 19 is divided by 49?
45
Let k(i) = -5*i**2 + 52*i + 59. Suppose -112 = n + 8. Let v = -69 - n. Calculate the remainder when v is divided by k(11).
25
Calculate the remainder when 2/41 - 313480/(-3485) is divided by 29.
3
Let y(k) be the second derivative of -k**4/12 + 4*k**3/3 + k**2 + 2*k. Let x be y(9). What is the remainder when 11 is divided by x/(-1 - -1 - 1)?
4
Suppose 0 = -5*n + 2*x + 153, 4*n - 2*x - 34 - 88 = 0. Calculate the remainder when 424 is divided by n.
21
Let m(z) = z**2 - 2*z + 6. Suppose -5 = -5*i, y + 3*y - 14 = 2*i. Calculate the remainder when 80 is divided by m(y).
10
Let c = -3 + 9. Suppose -9*t + c*t = -60. Calculate the remainder when 78 is divided by t.
18
Let u = -3 - 56. Let p = 71 + u. Calculate the remainder when 59 is divided by p.
11
Let v = -1319 + 1371. What is the remainder when 166 is divided by v?
10
Suppose -5*q = -87 - 803. Suppose 0 = -3*n + 23 + q. Calculate the remainder when n is divided by 17.
16
Let d be (-3)/(-1)*(-98)/(-3). Suppose -4*z - 3*f + 94 = 0, -d = -4*z + 3*f - 4*f. Suppose 0 = 6*g - 10 - 32. What is the remainder when z is divided by g?
4
Let q = -44 - -60. Let f = 42 - q. What is the remainder when f is divided by 7?
5
Suppose -5*b + r - 2*r = -123, 2*r - 96 = -4*b. Calculate the remainder when 148 is divided by b.
23
Suppose 4*p = -4*b + 1400, 0 = 307*b - 304*b - p - 1042. What is the remainder when b is divided by 25?
23
Let m(t) = -3*t**2 + 38*t - 31. What is the remainder when 391 is divided by m(10)?
48
Suppose -5*v = -181 + 116. What is the remainder when 43 is divided by v?
4
Let x = -809 - -950. What is the remainder when x is divided by 48?
45
Let t(g) = -30*g - 3. Let f(k) = -k**2 + k - 1. Let y be f(1). What is the remainder when t(y) is divided by (-8)/10*(0 - 5)?
3
Suppose 0 = 4*h - h - 21. Let t = h - -2. What is the remainder when 9 is divided by 42/t - (-4)/(-6)?
1
Let o(m) = -55*m - 366. What is the remainder when 111 is divided by o(-7)?
16
Suppose 0 = -4*m + 16 + 84. Let o be (-1 - 91)/(-4) - 2. Suppose 0*j + o = 3*j. What is the remainder when m is divided by j?
4
Let w = 428 - 288. Calculate the remainder when w is divided by 36.
32
Let b = 4 + 14. What is the remainder when (-10)/3 + 4 - (-1845)/27 is divided by b?
15
Suppose 3*b + 5*f - 27 = 72, -f + 35 = b. Let p = -1315 - -1328. Calculate the remainder when b is divided by p.
12
Let k = 606 - 493. What is the remainder when k is divided by 23?
21
Let g = -20 - -12. Let q = g + 17. Let p(z) = 17*z + 10. What is the remainder when p(2) is divided by q?
8
Let u(g) = g**2 + 10*g + 5. What is the remainder when u(8) is divided by 40?
29
Suppose 0 = -3*p + 9*p. Suppose p*g - g + 3 = 0. What is the remainder when 10 is divided by g?
1
Suppose -4*q - 7 = -o + 7, 0 = 4*o + 2*q - 20. Suppose 0 = -2*p + o, -k + 4*p = -0*k - 6. Calculate the remainder when k is divided by 10.
8
Let b = 143 + -128. Calculate the remainder when 73 is divided by b.
13
Suppose -1 = i - 3. Let q(d) = -9*d + 3*d**2 - 2*d**i + 3 - 1. What is the remainder when q(10) is divided by 5?
2
Let d(o) = 2*o**2 + 25*o - 54. What is the remainder when 58 is divided by d(-15)?
16
Let r(t) = -2*t**2 - 36*t + 26. Let j(p) = 2*p. Calculate the remainder when r(-16) is divided by j(12).
18
What is the remainder when 3*33 - (17/17 - 4) is divided by 37?
28
Suppose -12*b + 175 = -5. Calculate the remainder when 42 is divided by b.
12
Suppose -2551 = -10*w - 10